3)/(-1))/(-3)). Suppose 3*x - 13 = 4*r, r + a = 3*x - 7. Calculate the greatest common factor of 3 and x.
3
Let w(u) = u**2 + 6*u - 3. Let t be w(-8). What is the highest common factor of t and 52?
13
Let r = 2 - -1. Suppose -r*f + 72 = -0*f. Calculate the highest common factor of 36 and f.
12
Let y(i) = 5*i**2 + i + 1. Let l be y(-1). Let g(p) = -p**2 + 2*p + 5. Let n be g(4). Let c be 1/n - 46/(-3). What is the highest common divisor of c and l?
5
Let g(b) = -b**3 + 22*b**2 + 24*b - 2. Let x be g(23). Calculate the greatest common divisor of x and 84.
21
Let g(u) = -4*u + 2. Let j be g(-2). What is the greatest common factor of j and 2?
2
Let n(y) = 110*y**3 + y**2 - y. Let p be n(1). Let o be ((-5)/4)/(1/(-8)). What is the greatest common divisor of o and p?
10
Suppose -67 = -4*o + 101. Calculate the highest common divisor of o and 126.
42
Let b(p) = p**3 - 6*p**2 - 5*p - 3. Let y be b(7). Let o(s) = 2*s - 15. Let z be o(y). What is the greatest common factor of 49 and z?
7
Suppose -2*p - 65 = 3*p. Let z = p + 20. Calculate the highest common factor of z and 77.
7
Let w be (-2)/7 + 51/7. Let o = w - -4. What is the greatest common divisor of o and 44?
11
Suppose 2*v + 2*v + 2*k = 402, 3*v - 314 = -4*k. What is the highest common divisor of 147 and v?
49
Suppose -2*u = 4 - 10. Suppose -r = 1 - u. Calculate the greatest common factor of r and 2.
2
Let q(u) = -u**2 + 6*u + 14. Let h be q(6). What is the greatest common factor of 98 and h?
14
Let m be -12*((-33)/6 - -4). What is the greatest common divisor of m and 2?
2
Suppose 0 = 3*l + 2*l - 665. What is the greatest common factor of 19 and l?
19
Let m = 40 - 35. Calculate the greatest common factor of m and 10.
5
Suppose -11 - 20 = -i. Let q(n) = 6*n**3 - n**2 - 3*n + 6. Let y be q(2). Let t = y - i. Calculate the highest common factor of 52 and t.
13
Let x be (-1)/(-1*(-1)/(-4)). Suppose -x*o + 0*o = -20. What is the greatest common divisor of o and 45?
5
Suppose 4*v - 9*v + 321 = -2*p, -4*v + 258 = -2*p. Let n(a) = 2*a - 1. Let y be n(5). What is the highest common factor of v and y?
9
Suppose -2*d = -5*q - 43, -2*q + 3*q = -5. What is the highest common divisor of d and 9?
9
Let p(d) = -20*d. Let y(z) = -z**3 - z**2 + z. Let w be y(1). Let s be p(w). What is the greatest common divisor of s and 5?
5
Suppose -15 + 3 = -4*d. Suppose f - 5*a - 88 = -2*f, 58 = d*f + a. Let l be (f/14)/(1/14). What is the greatest common factor of l and 7?
7
Suppose c - d + 5 = 2*c, -5*c - d = -45. Let q be (-20)/(-6)*105/c. Calculate the highest common divisor of q and 14.
7
Let g = 104 + -99. Calculate the greatest common factor of g and 25.
5
Let v be 8/(((-28)/(-40))/7). Calculate the highest common factor of 16 and v.
16
Let c = 13 - 9. Let z(g) = g**2 - 2*g - 1. Let r be z(c). Let y = 7 + 28. Calculate the greatest common divisor of r and y.
7
Suppose 0*u - 2*u = -4. Suppose -q - u*q - 333 = 0. Let t = 167 + q. What is the highest common factor of 14 and t?
14
Let i(s) = 3*s**2 - 4*s + 3. Let d be i(3). Let l = -19 + 22. Suppose l - d = -x. Calculate the highest common divisor of x and 10.
5
Let b be (-1)/(-3) - (-35)/3. Calculate the greatest common factor of 8 and b.
4
Suppose -3*n + 10 = 4*b, 22 = 4*b - 3*n - 0*n. Suppose -h + b*m = -104, -m + 143 = 5*h - 335. Calculate the highest common factor of 16 and h.
16
Let j be 6/(-14) - 3670/(-70). Let q be (117/j)/(2/8). Let s = -39 - -66. Calculate the greatest common factor of q and s.
9
Let n = 0 + 11. Let j be 1/(-5) + (-22)/(-10). Suppose j*k = 3*t - 33, 4 - 15 = -t + 3*k. Calculate the greatest common factor of n and t.
11
Let d(k) = -4 + 7 - k**2 - 3*k + k. Let j be d(-3). Suppose 2 = p, 2*u - 138 = p - j*p. What is the greatest common factor of 14 and u?
14
Suppose -1 = -2*h + 9. Suppose 8*d = 4*d + p + 56, -3*p - 70 = -h*d. Calculate the greatest common factor of d and 112.
14
Let f(y) = -y**3 - 7*y**2 + 14*y + 4. Let a be f(-9). Let l be (0 + -2)/(-2) - -4. Calculate the greatest common divisor of l and a.
5
Let b = 47 + -20. What is the greatest common factor of b and 9?
9
Let u = 155 - 80. Suppose -s - 11 = -u. Calculate the highest common factor of 8 and s.
8
Let x(a) = a**3 - 1 + 3*a + 4 - 4 - 3*a**2 + 0*a**3. Let o be x(2). Calculate the highest common divisor of 7 and o.
1
Suppose 0*z = 5*z - 770. What is the highest common divisor of 14 and z?
14
Suppose -5*j - 54 = 31. Let h = -9 - j. Calculate the highest common factor of 20 and h.
4
Let i be 40/18 + (-2)/9. What is the greatest common divisor of i and 22?
2
Let o = -15 - -16. Let s(n) = 27*n - 2. Let t be s(o). What is the highest common factor of 10 and t?
5
Let i be (-4)/3 + 2/(-3). Suppose 5*k + 4*y - 24 = 130, -k + 25 = -5*y. Let f = i + k. Calculate the highest common divisor of f and 7.
7
Let m = -65 - -87. What is the highest common factor of 55 and m?
11
Let u be (-1)/(3/9*-1). Suppose 5*d + 4*t = 22 + 5, -d = u*t - 12. Let w be d/(-5) - (-63)/5. What is the greatest common factor of w and 4?
4
Suppose 71 + 414 = 5*q. Let y = q + -179. Let a = -12 - y. Calculate the greatest common factor of a and 28.
14
Let f(u) = u + 1. Let d be ((-12)/(-18))/((-2)/(-3)). Let l be f(d). Calculate the highest common factor of 3 and l.
1
Let t be -1 - (-8 + 1 + 1). Let j be 6/(-6) - 46*-1. What is the highest common divisor of t and j?
5
Let t be (-2)/3 + (-5)/15. Let u = t - 29. Let x = -20 - u. Calculate the highest common divisor of x and 40.
10
Let y(i) = i**3 + 5*i**2 - 12*i - 12. Let w be y(-5). Calculate the highest common divisor of w and 120.
24
Let x be 33 - (2/(-2) - 2). Calculate the highest common divisor of x and 9.
9
Suppose 0 = 3*o + o - 24. Calculate the highest common factor of 15 and o.
3
Let t(v) = 5 + v**2 + 1 - 3 - 2*v. Let o be t(4). What is the greatest common divisor of o and 77?
11
Let r = 3 - -3. Let i = 11 - r. Let k be (2/i)/((-5)/(-300)). Calculate the greatest common divisor of 16 and k.
8
Let p be 40/(-3)*(-63)/28. Calculate the highest common divisor of 12 and p.
6
Let o(v) = 2*v**3 + 3*v**2 - 2*v + 2. Let t be o(3). What is the highest common divisor of 7 and t?
7
Suppose -11*y + 52 = -7*y. Calculate the greatest common factor of 221 and y.
13
Suppose 3*n = -c + 100, 5*n - 5*c + 3*c = 185. Calculate the highest common divisor of 140 and n.
35
Let r = 0 + 4. Suppose -3*k - 16 = -r*k. Calculate the greatest common factor of k and 144.
16
Let i(p) = -11*p - 13. Let j be i(-9). What is the greatest common factor of j and 43?
43
Let n be (6/(-9))/2*-15. Let q(f) = 4*f. Let y be q(n). Let x = y + -7. What is the greatest common divisor of 13 and x?
13
Let v be (-3)/(-9) + 33/9. Suppose 0 = 4*r + 5*a - 84, -v*a - a = -20. Suppose -2*m + r = -16. Calculate the highest common factor of 40 and m.
8
Suppose -7*c + 2*c = 0. Suppose c*n = 3*n - 120. Let m be (1/(-3))/((-1)/15). What is the greatest common factor of n and m?
5
Let t(r) = 5*r - 14 - 14*r**3 - 4*r**2 + 13*r**3 + 0. Let j be t(-6). Calculate the highest common divisor of j and 4.
4
Suppose -2*p = -f + 50, -58 = 3*f - 4*p - 198. Suppose -8*m + 342 + 138 = 0. What is the highest common divisor of f and m?
20
Let w = 13 - 8. Let y = -2 + w. Calculate the highest common factor of 9 and y.
3
Suppose 0 = 2*h - v + 3*v - 38, 2*h - 5*v - 10 = 0. Suppose -183 = -4*q + w, 4*q - 7*w + 3*w - 192 = 0. What is the greatest common factor of q and h?
15
Let q = 7 + -5. Suppose -q*l + l = -1. What is the highest common factor of 11 and l?
1
Let f = 28 + -18. Calculate the greatest common factor of f and 90.
10
Let h(k) = 9*k**2 + 2*k + 1. Let d be h(-1). Calculate the highest common divisor of d and 16.
8
Suppose -3*j = -j + 14. Let f(p) = p**3 + 7*p**2 + 9. Let t be f(j). What is the greatest common factor of t and 63?
9
Suppose -3*o + 4*o = 0. Let a(y) = o*y - y + 0 + 10. Let f be a(0). What is the greatest common factor of f and 90?
10
Suppose 2*h + h = 27. Suppose -3*z - 3 = -3*b, 0 = -2*b - 3*z + h + 8. Calculate the highest common divisor of 1 and b.
1
Let w(c) = -c**2 + 4*c + 1. Let x be w(3). Let l(m) = 2*m**3 - m**2 + 2*m + 2. Let a be l(x). Let o = a - 10. What is the highest common factor of 14 and o?
14
Suppose -f = 7 - 20. What is the highest common divisor of 91 and f?
13
Suppose -3*n + 47 = -2*i - 0*n, 0 = 2*n